+ 1083 = -1017. What is the hundreds digit of m?
1
Suppose 5*u - h + 4*h - 519 = 0, -2*u + 200 = 5*h. What is the units digit of u?
5
Let x = -6 - -4. Let q be 18/8 + x/8. Suppose 3*r + 4*f = 20, 3*f - q - 8 = -r. What is the units digit of r?
4
Let b(n) = -n**3 - 5*n**2 + 2*n - 2. What is the units digit of b(-6)?
2
Suppose -1 - 2 = -p. Suppose 6*o - 81 = p*o. Suppose 0 = -4*t + o - 7. What is the units digit of t?
5
Let y(a) be the first derivative of -3/2*a**2 + 1 - a. What is the units digit of y(-4)?
1
What is the units digit of (6/4)/((-24)/(-1488))?
3
Let a = 15 + 59. What is the tens digit of a?
7
Let s(z) = 6*z**2 + 6*z + 6. What is the units digit of s(-3)?
2
Suppose 3*n + n = -32. Let y = 15 + n. Suppose 20 + y = 3*s. What is the units digit of s?
9
Suppose 0 = n - 2 - 1. Suppose 6 = n*s, -2*a + 3*s + 1 = -17. What is the tens digit of a?
1
Let k = 5 + 1. Suppose 0 = q - k*q + 5. Let p = q - -1. What is the units digit of p?
2
Let t be 282/4 + 1/(-2). Let i be 5/(-20) - (-42)/8. Suppose -i*k = -0 - t. What is the tens digit of k?
1
Let l(b) = -b + 3*b - 3 + 0*b. Let n be l(5). Let g(q) = -q**2 + 8*q. What is the units digit of g(n)?
7
Let r(x) = -3 + x - x + 4*x - 5*x. Let g be r(-3). Suppose g = -4*v + 83 - 23. What is the tens digit of v?
1
What is the units digit of (0 - 44/(-6))*(9 - 6)?
2
What is the units digit of -6*(55/(-10) + 2)?
1
Let m(c) = 3*c + 1. Let u be m(1). Suppose 4*y - 43 = 5*l, -5*y - l - u*l + 20 = 0. What is the units digit of y?
7
Let b(p) = 9*p**2 - 5*p + 3. Let j(a) = 2*a - 8*a + 9*a**2 + 0 + 4. Let o(h) = 5*b(h) - 4*j(h). What is the units digit of o(-1)?
9
Let n = -6 - -7. Let d = 16 - n. What is the tens digit of d?
1
Suppose 0 = -3*j + r + 550, -5*j + 4*r = 233 - 1152. What is the units digit of 6/21 - j/(-21)?
9
Let q = -18 - -3. Let f = q + 54. What is the units digit of f?
9
Suppose 0 = 7*u - 2*u - 60. Let v = -21 + u. Let n = 15 + v. What is the units digit of n?
6
Let o(u) = -u + 7. Let p be o(7). Let i(w) = 2*w**2 - 1. Let l be i(3). Suppose -h = 5*t + l, p = h + 2*h + 2*t - 14. What is the units digit of h?
8
Let j(d) = -d**2 - 4*d - 3. Let k be j(-3). Suppose 0 = -2*g - 5*a - 5 + 10, 3*g - 4*a - 42 = 0. Suppose k = -2*c + 4 + g. What is the units digit of c?
7
Suppose 0 = -6*b + b + 820. Suppose 5*r = 1 + b. What is the tens digit of r?
3
Let z = 2 - -10. Let x be ((-22)/4)/(7/14). What is the tens digit of x/2*z/(-6)?
1
Let h(v) = 8*v - 2. Let l(k) = -k. Let q(d) = h(d) - 3*l(d). What is the units digit of q(1)?
9
Let u be 1/(-4) - (-130)/40. What is the units digit of 2*(99/6)/u?
1
Let m(k) = 2*k**2 + 1. Let z be m(-1). Let c be z - (0/1 - 2). Suppose u + 0*u + 67 = c*n, -u + 24 = 2*n. What is the tens digit of n?
1
Let o(i) = 9*i**2 + 10*i - 12. What is the units digit of o(-6)?
2
Suppose -3*w = -602 + 140. What is the tens digit of w?
5
Let t be (-4)/18 + (-58)/(-18). Suppose 0 = -2*y + t*c + 17 + 2, 0 = 3*y - 4*c - 29. What is the units digit of y?
1
Let v(k) be the third derivative of 1/60*k**5 + 0*k + 0 - 2/3*k**3 + 2*k**2 - 5/24*k**4. What is the tens digit of v(7)?
1
What is the units digit of (-18)/(-24) - (-234)/8?
0
Suppose 4*x - 11 = 17. Suppose u - 4*p = x, 2*u = -p + 6*p + 17. What is the units digit of u?
1
What is the hundreds digit of (-2)/((-10)/649) - (-6)/30?
1
Let t = 11 + -7. Suppose 25 = 2*d - d + 3*g, -t*g - 10 = -2*d. What is the tens digit of d?
1
Suppose 30 = 2*i + i. Let u = i + 0. What is the tens digit of u?
1
Suppose -3*s = -1 + 19. Let o = 60 + s. What is the units digit of o?
4
Suppose -4*p + 2*c + 16 = -0*c, 12 = 2*p - 2*c. Suppose p*i + 0*i = -132. What is the units digit of (-2)/(-5) - i/10?
7
Let r be (-3)/6 - (-226)/4. What is the units digit of r/6 + 14/21?
0
Suppose 2*c + 3 = 3*c. Suppose -v - 49 = 5*s - c*v, 3*s - 5*v + 37 = 0. What is the units digit of (-6)/s - 16/(-3)?
6
Let a be 9/3 + 0 + 1. Let c be -10*a/(-30)*3. Suppose -29 = -c*b - 9. What is the units digit of b?
5
Let x = 6 - -39. What is the units digit of x?
5
Let u be -4*((-13)/4 + 1). Let z be (12/24)/(1/6). Suppose -2*n - z*w - u = -6*n, 0 = 5*n + 2*w - 17. What is the units digit of n?
3
Let u(g) = -3*g**2 - 6*g + 3. Let w be u(-6). Let d = -47 - w. What is the units digit of d?
2
Suppose -2*z + 4 = v - 1, 2*v - 10 = 3*z. Suppose z = -g + 5*g - 60. What is the units digit of g?
5
Let y = 896 + -640. What is the tens digit of y?
5
Let z(l) = 2*l**2 - 2*l - 3. Let f be z(4). Suppose -f + 5 = -2*s. What is the units digit of s?
8
Suppose 10*o - 2232 = o. What is the tens digit of o?
4
What is the units digit of (-5)/(20/(-8)) + 24?
6
Suppose -2*l + 17 = 4*y - 9, 5*y = 10. What is the units digit of l?
9
Suppose 0 = -j + 5*i + 25, -4*j + 2*j + 14 = 2*i. Let t = j + -4. What is the units digit of t?
6
Suppose 3*f - 5 = 4. Let l be (1/f)/(4/12). What is the units digit of (1 - -1) + 1 - l?
2
Let f = 4 - 0. Suppose -m = f*m - 35. What is the units digit of m?
7
Suppose 7*p - 9*p = -14. What is the units digit of p?
7
Suppose 0 = -s - 4*m + 11, 0 = 5*s + 4*m - 4 - 19. Suppose -w - 4*u + 4 = 0, -3 = 2*w + 2*w - s*u. Let v = 4 + w. What is the units digit of v?
4
Suppose -5*k + 23 = -k - 3*w, -5*k + 28 = -4*w. Let b(x) = x**2 - 7*x - 7. What is the units digit of b(k)?
1
Let l = 2 - 2. Suppose i + 0 - 13 = l. What is the units digit of i?
3
Let a = 15 - 11. Suppose -16 = -a*f + 3*v, 0 = 3*v - 2*v. Suppose -2*m = f*n - 8, 4*n - 20 = -2*m - 2*m. What is the units digit of m?
6
Let o(u) = -4*u**3 - u**2 + 5*u - 1. Let b(y) = 7*y**3 + y**2 - 10*y + 1. Let q(p) = 3*b(p) + 5*o(p). What is the units digit of q(4)?
0
Let p be ((-4)/(-6))/((-2)/(-24)). Let g(m) = m**2 - 9*m + 10. Let t be g(p). Suppose 0 = t*o - 4*b + 1 - 15, -5*o + 47 = 2*b. What is the units digit of o?
9
Suppose -4*j - r = -2*j - 26, -5*r + 55 = 5*j. What is the units digit of j?
5
Let g = -67 - -146. Let f = g + -54. What is the tens digit of f?
2
Let j(t) = -t**2 - 9*t + 7. Let v be j(-8). Suppose -4*w - 8 = -0*w, 0 = -5*m + 2*w - 6. Let l = m + v. What is the tens digit of l?
1
Let z be (-32)/(-2) - (-3 + 5). Let x be 24/z*28/4. Suppose 4*s - 36 = x. What is the tens digit of s?
1
Let o = 115 + -71. What is the tens digit of o?
4
Suppose -p + 1 = -2. What is the units digit of 2/(11/p + -3)?
3
Suppose 0 = -3*f - 4*f + 1687. What is the tens digit of f?
4
Let s be 4/(-6) + 16/(-12). Let m = 2 + s. Let t(r) = r**2 + 4. What is the units digit of t(m)?
4
What is the units digit of (-52)/(1*(3 + -4))?
2
Suppose 4*g - 4*f - 6 = 2, 2 = -g + 3*f. Suppose -3*n + 11 = -4*d, n + 3 = -g*d - 4. What is the units digit of n?
1
Let b(u) = u**3 - 6*u**2 + 3*u + 7. Let x be b(5). Let v(g) be the first derivative of -g**2/2 + 3*g - 1. What is the units digit of v(x)?
6
Let q(a) = -3*a - 14. Let g(x) = 3*x + 13. Let u(d) = -7*g(d) - 6*q(d). Let m be u(-8). What is the units digit of m + 3*(-4)/6?
5
What is the tens digit of 8/((-4)/2) - -19?
1
What is the tens digit of (-3 - 0)*-1*9?
2
Suppose -2*b = 11 - 287. What is the units digit of b?
8
Let m be 6*(-2)/(-4)*1. Suppose -4*d + 59 = 5*o, -3*d - 2*o + 43 = m*o. Let i = d + -8. What is the units digit of i?
8
Suppose -224 = -3*r + 4*s - 76, -4*r - 5*s = -249. What is the tens digit of r?
5
Suppose 4*u = 2*z - 500, -284 = -4*z - 2*u + 676. What is the tens digit of z?
4
Suppose 0 = 3*b + 15, 2*b = 4*s - b - 7. Let m = s + 5. What is the units digit of m?
3
Suppose 0 = 5*o + 5*m - 20, 9*m - 4*m = 5*o + 10. What is the tens digit of 24/o + (-4 - -3)?
2
Suppose x - 15 = -2*h, 2*h = -2*h + 2*x + 42. Let d = -4 + h. What is the units digit of d?
5
Let k = -32 - -19. Let n(d) = -d**3 + 3*d**2 - d + 1. Let b be n(3). What is the units digit of k/b - (-5)/(-10)?
6
Let x = 63 + -11. What is the tens digit of x?
5
Suppose 0 = -q + 4, 2*r - 4*q + 3*q = 184. What is the tens digit of r?
9
Suppose 2*n = 0, 0*d - n + 9 = 3*d. Suppose -d*p - m = p - 48, 0 = 4*m. What is the units digit of p?
2
What is the units digit of (-4)/10 - 187/(-5)?
7
Suppose 0 = -2*o - 2*o + 8. Suppose 2*a - 56 = -o*a. What is the units digit of a?
4
Suppose -y - 43 + 9 = 0. Let r = -12 - y. Let u = -14 + r. What is the units digit of u?
8
Let a be 2/11 - 36/(-44). What is the tens digit of 6*(-32)/(-12)*a?
1
Suppose -u - 3*o + 1 = 0, -2*